{"id":78,"date":"2017-09-18T10:19:24","date_gmt":"2017-09-18T08:19:24","guid":{"rendered":"http:\/\/www.emmedatasas.eu\/wp\/?page_id=78"},"modified":"2018-06-19T15:05:02","modified_gmt":"2018-06-19T13:05:02","slug":"i-restauri-di-serafino-balestra","status":"publish","type":"page","link":"https:\/\/progetti.diocesidicomo.it\/santabbondio\/i-restauri-di-serafino-balestra\/","title":{"rendered":"i restauri di Serafino Balestra"},"content":{"rendered":"<p>Dal 1863 la basilica di Sant\u2019Abbondio fu oggetto di un importante intervento di restauro condotto da Serafino Balestra, insegnante di Lettere e quindi di Fisica e meccanica presso i seminari di Como, studioso di archeologia e di epigrafia ma oggi noto soprattutto per il suo impegno nell\u2019ambito dell\u2019educazione dei sordomuti.\u00a0Aderendo alle teorie ottocentesche sul restauro e al gusto dell\u2019epoca, il Balestra volle ripristinare <em> <a href=\"http:\/\/progetti.diocesidicomo.it\/santabbondio\/wp\/la-basilica-romanica\/\">l\u2019aspetto romanico della basilica<\/a><\/em>, nelle forme che era possibile ricostruire attraverso gli elementi ancora visibili e il confronto con altri edifici coevi. I restauri mirarono quindi a rimuovere anzitutto <em><a href=\"http:\/\/progetti.diocesidicomo.it\/santabbondio\/wp\/la-basilica-cinque-seicentesca\/\"> le aggiunte cinquecentesche<\/a><\/em>: si tampon\u00f2 la finestra in facciata, si demolirono le volte sulle navate, si abbass\u00f2 il pavimento al livello della chiesa medievale, riportando\u00a0alla luce le basi delle colonne. Adottando soluzioni ora prudenti, ora molto disinvolte, il sacerdote-archeologo volle colmare le lacune che erano state prodotte dagli interventi di epoca moderna: prefer\u00ec quindi non ricostruire il portico antistante la basilica, conservando solo le semicolonne addossate alla facciata e segnando a punta di scalpello l\u2019andamento dell\u2019imposta della volta; alcune mancanze &#8211; come la tribuna interna, demolita all\u2019inizio del Cinquecento &#8211; furono colmate sulla base delle tracce esistenti, mentre per altre integrazioni \u2013 come l\u2019apertura di due finestre in facciata \u2013 ci si bas\u00f2 sul confronto con edifici contemporanei alla basilica. L\u2019intervento pi\u00f9 cospicuo per\u00f2 &#8211; e quello pi\u00f9 discutibile &#8211; riguard\u00f2 il campanile settentrionale, che, parzialmente nel 1784, era stato quasi del tutto abbattuto: il Balestra fece ricostruire integralmente la torre copiando quella superstite, nonostante non esistessero riscontri alla identit\u00e0 delle due strutture.\u00a0Gli scavi compiuti per abbassare il pavimento della basilica al livello originario portarono alla luce elementi di grande interesse per il rinnovamento degli studi sulla storia e sulle vicende artistiche del complesso: l\u2019indagine del piazzale antistante evidenzi\u00f2 tracce del Paradiso \u2013 il porticato che nel corso del XII secolo era stato addossato alla chiesa, mentre sotto il pavimento dell\u2019edificio ottocentesco emersero i muri di fondazione della <em> <a href=\"http:\/\/progetti.diocesidicomo.it\/santabbondio\/wp\/apostolorum\/\">basilica paleocristiana<\/a><\/em>, che permisero al Balestra di segnarne il perimetro con lastre ancora visibili sul pavimento attuale; nel corso dei lavori inoltre furono ritrovate iscrizioni paleocristiane e altomedievali e un consistente complesso di sculture di et\u00e0 romana, altomedievale e romanica che erano state reimpiegate nei vari interventi che nel corso dei secoli avevano modificato le strutture murarie, la decorazione e la pavimentazione dell\u2019edificio.<\/p>\n<p><a href=\"http:\/\/progetti.diocesidicomo.it\/santabbondio\/wp\/bibliografia\/\">Per saperne di pi\u00f9\u2026<\/a><\/p>\n<table width=\"100%\">\n<tbody>\n<tr>\n<td>\u00a0<a href=\"http:\/\/progetti.diocesidicomo.it\/santabbondio\/wp-content\/uploads\/2018\/04\/balestra01.jpg\"><img loading=\"lazy\" decoding=\"async\" class=\"aligncenter size-medium wp-image-222\" src=\"http:\/\/progetti.diocesidicomo.it\/santabbondio\/wp-content\/uploads\/2018\/04\/balestra01-300x171.jpg\" alt=\"\" width=\"492\" height=\"284\" \/><\/a><\/td>\n<\/tr>\n<tr>\n<td style=\"text-align: center;\"> \u00a9 Musei Civici Como, riproduzione fotografica Archivio NodoLibri Como<\/td>\n<\/tr>\n<\/tbody>\n<\/table>\n<p>&nbsp;<\/p>\n","protected":false},"excerpt":{"rendered":"<p>Dal 1863 la basilica di Sant\u2019Abbondio fu oggetto di un importante intervento di restauro condotto da Serafino Balestra, insegnante di Lettere e quindi di Fisica e meccanica presso i seminari di Como, studioso di archeologia e di epigrafia ma oggi noto soprattutto per il suo impegno nell\u2019ambito dell\u2019educazione dei sordomuti.\u00a0Aderendo alle teorie ottocentesche sul restauro &hellip; <a href=\"https:\/\/progetti.diocesidicomo.it\/santabbondio\/i-restauri-di-serafino-balestra\/\" class=\"more-link\">Continua la lettura di <span class=\"screen-reader-text\">i restauri di Serafino Balestra<\/span> <span class=\"meta-nav\">&rarr;<\/span><\/a><\/p>\n","protected":false},"author":1,"featured_media":0,"parent":0,"menu_order":0,"comment_status":"closed","ping_status":"closed","template":"","meta":{"footnotes":""},"class_list":["post-78","page","type-page","status-publish","hentry"],"_links":{"self":[{"href":"https:\/\/progetti.diocesidicomo.it\/santabbondio\/wp-json\/wp\/v2\/pages\/78","targetHints":{"allow":["GET"]}}],"collection":[{"href":"https:\/\/progetti.diocesidicomo.it\/santabbondio\/wp-json\/wp\/v2\/pages"}],"about":[{"href":"https:\/\/progetti.diocesidicomo.it\/santabbondio\/wp-json\/wp\/v2\/types\/page"}],"author":[{"embeddable":true,"href":"https:\/\/progetti.diocesidicomo.it\/santabbondio\/wp-json\/wp\/v2\/users\/1"}],"replies":[{"embeddable":true,"href":"https:\/\/progetti.diocesidicomo.it\/santabbondio\/wp-json\/wp\/v2\/comments?post=78"}],"version-history":[{"count":10,"href":"https:\/\/progetti.diocesidicomo.it\/santabbondio\/wp-json\/wp\/v2\/pages\/78\/revisions"}],"predecessor-version":[{"id":1296,"href":"https:\/\/progetti.diocesidicomo.it\/santabbondio\/wp-json\/wp\/v2\/pages\/78\/revisions\/1296"}],"wp:attachment":[{"href":"https:\/\/progetti.diocesidicomo.it\/santabbondio\/wp-json\/wp\/v2\/media?parent=78"}],"curies":[{"name":"wp","href":"https:\/\/api.w.org\/{rel}","templated":true}]}}

<p>Dal 1863 la basilica di Sant’Abbondio fu oggetto di un importante intervento di restauro condotto da Serafino Balestra, insegnante di Lettere e quindi di Fisica e meccanica presso i seminari di Como, studioso di archeologia e di epigrafia ma oggi noto soprattutto per il suo impegno nell’ambito dell’educazione dei sordomuti. Aderendo alle teorie ottocentesche sul restauro e al gusto dell’epoca, il Balestra volle ripristinare <em> <a href="http://progetti.diocesidicomo.it/santabbondio/wp/la-basilica-romanica/">l’aspetto romanico della basilica</a></em>, nelle forme che era possibile ricostruire attraverso gli elementi ancora visibili e il confronto con altri edifici coevi. I restauri mirarono quindi a rimuovere anzitutto <em><a href="http://progetti.diocesidicomo.it/santabbondio/wp/la-basilica-cinque-seicentesca/"> le aggiunte cinquecentesche</a></em>: si tamponò la finestra in facciata, si demolirono le volte sulle navate, si abbassò il pavimento al livello della chiesa medievale, riportando alla luce le basi delle colonne. Adottando soluzioni ora prudenti, ora molto disinvolte, il sacerdote-archeologo volle colmare le lacune che erano state prodotte dagli interventi di epoca moderna: preferì quindi non ricostruire il portico antistante la basilica, conservando solo le semicolonne addossate alla facciata e segnando a punta di scalpello l’andamento dell’imposta della volta; alcune mancanze &#8211; come la tribuna interna, demolita all’inizio del Cinquecento &#8211; furono colmate sulla base delle tracce esistenti, mentre per altre integrazioni – come l’apertura di due finestre in facciata – ci si basò sul confronto con edifici contemporanei alla basilica. L’intervento più cospicuo però &#8211; e quello più discutibile &#8211; riguardò il campanile settentrionale, che, parzialmente nel 1784, era stato quasi del tutto abbattuto: il Balestra fece ricostruire integralmente la torre copiando quella superstite, nonostante non esistessero riscontri alla identità delle due strutture. Gli scavi compiuti per abbassare il pavimento della basilica al livello originario portarono alla luce elementi di grande interesse per il rinnovamento degli studi sulla storia e sulle vicende artistiche del complesso: l’indagine del piazzale antistante evidenziò tracce del Paradiso – il porticato che nel corso del XII secolo era stato addossato alla chiesa, mentre sotto il pavimento dell’edificio ottocentesco emersero i muri di fondazione della <em> <a href="http://progetti.diocesidicomo.it/santabbondio/wp/apostolorum/">basilica paleocristiana</a></em>, che permisero al Balestra di segnarne il perimetro con lastre ancora visibili sul pavimento attuale; nel corso dei lavori inoltre furono ritrovate iscrizioni paleocristiane e altomedievali e un consistente complesso di sculture di età romana, altomedievale e romanica che erano state reimpiegate nei vari interventi che nel corso dei secoli avevano modificato le strutture murarie, la decorazione e la pavimentazione dell’edificio.</p>
<p><a href="http://progetti.diocesidicomo.it/santabbondio/wp/bibliografia/">Per saperne di più…</a></p>
<table width="100%">
<tbody>
<tr>
<td> <a href="http://progetti.diocesidicomo.it/santabbondio/wp-content/uploads/2018/04/balestra01.jpg"><img loading="lazy" decoding="async" class="aligncenter size-medium wp-image-222" src="http://progetti.diocesidicomo.it/santabbondio/wp-content/uploads/2018/04/balestra01-300x171.jpg" alt="" width="492" height="284" /></a></td>
</tr>
<tr>
<td style="text-align: center;"> © Musei Civici Como, riproduzione fotografica Archivio NodoLibri Como</td>
</tr>
</tbody>
</table>
<p>&nbsp;</p>
