{"id":13,"date":"2017-05-24T11:30:09","date_gmt":"2017-05-24T09:30:09","guid":{"rendered":"http:\/\/www.emmedatasas.eu\/wp\/?page_id=13"},"modified":"2018-07-20T17:31:42","modified_gmt":"2018-07-20T15:31:42","slug":"la-storia","status":"publish","type":"page","link":"https:\/\/progetti.diocesidicomo.it\/santabbondio\/la-storia\/","title":{"rendered":"la storia"},"content":{"rendered":"<p>La basilica di Sant\u2019Abbondio sorge fuori le mura di Como, sotto il monte Croce, lungo un tratto della via Regina che costituiva un\u2019importante area di culto per la presenza di alcune necropoli romane e, dal V secolo, della <i> <a href=\"http:\/\/progetti.diocesidicomo.it\/santabbondio\/wp\/cosma-e-damiano\/\">chiesa dei Santi Cosma e Damiano<\/a><\/i> e della <i> <a href=\"http:\/\/progetti.diocesidicomo.it\/santabbondio\/wp\/apostolorum\/\">Basilica apostolorum<\/a><\/i>. Nel corso del IX secolo la chiesa assunse la dedicazione a <em> sant\u2019Abbondio<\/em>, che vi era stato sepolto quattro secoli prima; \u00e8 stato per\u00f2 ormai escluso che essa fosse sede del vescovo di Como, come invece a lungo ritenuto da alcune voci della storiografia locale.<\/p>\n<p>Nel 1010 il vescovo Alberico insedi\u00f2 presso la basilica una comunit\u00e0 di <i> <a href=\"http:\/\/progetti.diocesidicomo.it\/santabbondio\/wp\/il-monastero\/\">monaci benedettini<\/a><\/i> che raggiunse in breve una posizione di primo piano nell\u2019ambito della diocesi grazie a riconoscimenti dei poteri pubblici ed ecclesiastici e ad un consistente patrimonio. I religiosi avviarono la ricostruzione della basilica: demolita la struttura paleocristiana, la chiesa fu nuovamente edificata in <i> <a href=\"http:\/\/progetti.diocesidicomo.it\/santabbondio\/wp\/la-basilica-romanica\/\">forme romaniche<\/a><\/i> e consacrata da Urbano II nel 1095, ma importanti interventi furono promossi anche nei due secoli successivi, con la costruzione di un atrio porticato a ridosso della facciata \u2013 probabilmente dedicato ai pellegrini &#8211; e, nel Trecento, con la decorazione pittorica <em><a href=\"http:\/\/progetti.diocesidicomo.it\/santabbondio\/wp\/presbiterio\/\"> dell\u2019abside<\/a><\/em>.<\/p>\n<p>&nbsp;<\/p>\n<table width=\"100%\">\n<tbody>\n<tr>\n<td rowspan=\"6\"><span style=\"font-size: 12pt;\">Dalla seconda met\u00e0 del XV secolo il monastero fu assegnato ad abati commendatari \u2013 per lo pi\u00f9 non residenti &#8211; e fu per iniziativa di alcuni di essi \u2013 prima il cardinale Paolo Della Chiesa, quindi il cardinale Tolomeo Gallio &#8211; che nel Cinquecento la basilica sub\u00ec <em> <a href=\"http:\/\/progetti.diocesidicomo.it\/santabbondio\/wp\/la-basilica-cinque-seicentesca\/\"> ristrutturazioni profonde<\/a><\/em>, assumendo una veste classicheggiante, mentre si avviava anche la costruzione del grandioso <em> <a href=\"http:\/\/progetti.diocesidicomo.it\/santabbondio\/wp\/chiostro\/\"> chiostro<\/a><\/em>. Nel 1616 l\u2019abate Marco Gallio vendette la chiesa, parte del monastero e alcuni terreni vicini alle monache agostiniane di San Tommaso di Civiglio e anche questa novit\u00e0 comport\u00f2 nuovi interventi per adattare la chiesa alle necessit\u00e0 liturgiche di una comunit\u00e0 monastica femminile. Nel 1783 il monastero fu soppresso ma la chiesa, per la sua dedicazione al patrono della diocesi, non fu secolarizzata e divenne sussidiaria della parrocchia della Santissima Annunciata. Dopo un lungo periodo di abbandono, nel 1834 il complesso monastico fu acquistato dal vescovo Carlo Roman\u00f2 per farvi trasferire il <em> <a href=\"http:\/\/progetti.diocesidicomo.it\/santabbondio\/wp\/il-seminario\/\"> Seminario<\/a><\/em> teologico: gli edifici, ormai in grave stato di degrado, furono in parte demoliti e quindi ricostruiti su progetto dell\u2019architetto neoclassico Giuseppe Tazzini; nel 1881 la sede dell\u2019istituto fu ampliata lungo la via Regina.<\/span><\/p>\n<p><span style=\"font-size: 12pt;\">Dal 1863 <em> <a href=\"http:\/\/progetti.diocesidicomo.it\/santabbondio\/wp\/i-restauri-di-serafino-balestra\/\"> Serafino Balestra<\/a><\/em>, insegnante presso il Seminario e studioso di archeologia e di epigrafia, promosse il restauro della basilica per restituirne la veste romanica; nel corso dei lavori furono rinvenute anche le fondazioni dell\u2019edificio paleocristiano e quelle del portico esterno, che era stato demolito nel corso del Cinquecento. Nel 1928 Antonio Giussani realizz\u00f2 un nuovo restauro della chiesa, rifacendo le coperture delle navate, delle absidi e del coro, intonacando nuovamente pareti e volte e ricostruendo l\u2019altare maggiore e gli altari collocati nelle absidi minori; altri interventi furono promossi negli anni Settanta del XX secolo.<\/span><\/p>\n<p><span style=\"font-size: 12pt;\">Nel 1968 il trasferimento del Seminario vescovile a Muggi\u00f2 provoc\u00f2 nuovamente l\u2019abbandono e il rapido deterioramento di quella che era stata la sede del monastero. Acquistata nel 1974 dal Comune di Como, che in tempi recenti ne ha curato il restauro e la riqualificazione, attualmente essa \u00e8 la sede della facolt\u00e0 di Giurisprudenza dell\u2019Universit\u00e0 degli Studi dell\u2019Insubria.<\/span><br \/>\n<span style=\"font-size: 12pt;\"> <a href=\"http:\/\/progetti.diocesidicomo.it\/santabbondio\/wp\/bibliografia\/\"> Per saperne di pi\u00f9\u2026<\/a><\/span><\/p>\n<p>&nbsp;<\/td>\n<td width=\"4\"><\/td>\n<td width=\"281\">\u00a0<img loading=\"lazy\" decoding=\"async\" class=\"alignnone size-medium\" src=\"http:\/\/progetti.diocesidicomo.it\/santabbondio\/immagini\/storico02.jpg\" width=\"500\" height=\"375\" \/><\/td>\n<\/tr>\n<tr>\n<td width=\"4\"><\/td>\n<td width=\"281\">Le due torri\u00a9 Centro studi \u201cNicol\u00f2 Rusca\u201d-\u00a0 Ufficio inventariazione beni culturali<\/td>\n<\/tr>\n<tr>\n<td width=\"4\"><\/td>\n<td width=\"281\">\u00a0<img loading=\"lazy\" decoding=\"async\" class=\"alignnone size-medium\" src=\"http:\/\/progetti.diocesidicomo.it\/santabbondio\/immagini\/storico03.jpg\" width=\"500\" height=\"428\" \/><\/td>\n<\/tr>\n<tr>\n<td width=\"4\"><\/td>\n<td width=\"281\">Seminario vescovile di Sant\u2019Abbondio\u00a9 Archivio Nodo Libri Como<\/td>\n<\/tr>\n<tr>\n<td width=\"4\"><\/td>\n<td width=\"281\">\u00a0<img loading=\"lazy\" decoding=\"async\" class=\"alignnone size-medium\" src=\"http:\/\/progetti.diocesidicomo.it\/santabbondio\/immagini\/storico04.jpg\" width=\"500\" height=\"721\" \/><\/td>\n<\/tr>\n<tr>\n<td width=\"4\"><\/td>\n<td width=\"281\">Facciata della basilica prima dei restauri di Serafino Balestra (1860 ca.)\u00a9 Biblioteca Comunale Como, riproduzione fotografica Archivio NodoLibri Como<\/td>\n<\/tr>\n<\/tbody>\n<\/table>\n<p>&nbsp;<\/p>\n","protected":false},"excerpt":{"rendered":"<p>La basilica di Sant\u2019Abbondio sorge fuori le mura di Como, sotto il monte Croce, lungo un tratto della via Regina che costituiva un\u2019importante area di culto per la presenza di alcune necropoli romane e, dal V secolo, della chiesa dei Santi Cosma e Damiano e della Basilica apostolorum. Nel corso del IX secolo la chiesa &hellip; <a href=\"https:\/\/progetti.diocesidicomo.it\/santabbondio\/la-storia\/\" class=\"more-link\">Continua la lettura di <span class=\"screen-reader-text\">la storia<\/span> <span class=\"meta-nav\">&rarr;<\/span><\/a><\/p>\n","protected":false},"author":1,"featured_media":0,"parent":0,"menu_order":0,"comment_status":"closed","ping_status":"closed","template":"","meta":{"footnotes":""},"class_list":["post-13","page","type-page","status-publish","hentry"],"_links":{"self":[{"href":"https:\/\/progetti.diocesidicomo.it\/santabbondio\/wp-json\/wp\/v2\/pages\/13","targetHints":{"allow":["GET"]}}],"collection":[{"href":"https:\/\/progetti.diocesidicomo.it\/santabbondio\/wp-json\/wp\/v2\/pages"}],"about":[{"href":"https:\/\/progetti.diocesidicomo.it\/santabbondio\/wp-json\/wp\/v2\/types\/page"}],"author":[{"embeddable":true,"href":"https:\/\/progetti.diocesidicomo.it\/santabbondio\/wp-json\/wp\/v2\/users\/1"}],"replies":[{"embeddable":true,"href":"https:\/\/progetti.diocesidicomo.it\/santabbondio\/wp-json\/wp\/v2\/comments?post=13"}],"version-history":[{"count":10,"href":"https:\/\/progetti.diocesidicomo.it\/santabbondio\/wp-json\/wp\/v2\/pages\/13\/revisions"}],"predecessor-version":[{"id":1332,"href":"https:\/\/progetti.diocesidicomo.it\/santabbondio\/wp-json\/wp\/v2\/pages\/13\/revisions\/1332"}],"wp:attachment":[{"href":"https:\/\/progetti.diocesidicomo.it\/santabbondio\/wp-json\/wp\/v2\/media?parent=13"}],"curies":[{"name":"wp","href":"https:\/\/api.w.org\/{rel}","templated":true}]}}

<p>La basilica di Sant’Abbondio sorge fuori le mura di Como, sotto il monte Croce, lungo un tratto della via Regina che costituiva un’importante area di culto per la presenza di alcune necropoli romane e, dal V secolo, della <i> <a href="http://progetti.diocesidicomo.it/santabbondio/wp/cosma-e-damiano/">chiesa dei Santi Cosma e Damiano</a></i> e della <i> <a href="http://progetti.diocesidicomo.it/santabbondio/wp/apostolorum/">Basilica apostolorum</a></i>. Nel corso del IX secolo la chiesa assunse la dedicazione a <em> sant’Abbondio</em>, che vi era stato sepolto quattro secoli prima; è stato però ormai escluso che essa fosse sede del vescovo di Como, come invece a lungo ritenuto da alcune voci della storiografia locale.</p>
<p>Nel 1010 il vescovo Alberico insediò presso la basilica una comunità di <i> <a href="http://progetti.diocesidicomo.it/santabbondio/wp/il-monastero/">monaci benedettini</a></i> che raggiunse in breve una posizione di primo piano nell’ambito della diocesi grazie a riconoscimenti dei poteri pubblici ed ecclesiastici e ad un consistente patrimonio. I religiosi avviarono la ricostruzione della basilica: demolita la struttura paleocristiana, la chiesa fu nuovamente edificata in <i> <a href="http://progetti.diocesidicomo.it/santabbondio/wp/la-basilica-romanica/">forme romaniche</a></i> e consacrata da Urbano II nel 1095, ma importanti interventi furono promossi anche nei due secoli successivi, con la costruzione di un atrio porticato a ridosso della facciata – probabilmente dedicato ai pellegrini &#8211; e, nel Trecento, con la decorazione pittorica <em><a href="http://progetti.diocesidicomo.it/santabbondio/wp/presbiterio/"> dell’abside</a></em>.</p>
<p>&nbsp;</p>
<table width="100%">
<tbody>
<tr>
<td rowspan="6"><span style="font-size: 12pt;">Dalla seconda metà del XV secolo il monastero fu assegnato ad abati commendatari – per lo più non residenti &#8211; e fu per iniziativa di alcuni di essi – prima il cardinale Paolo Della Chiesa, quindi il cardinale Tolomeo Gallio &#8211; che nel Cinquecento la basilica subì <em> <a href="http://progetti.diocesidicomo.it/santabbondio/wp/la-basilica-cinque-seicentesca/"> ristrutturazioni profonde</a></em>, assumendo una veste classicheggiante, mentre si avviava anche la costruzione del grandioso <em> <a href="http://progetti.diocesidicomo.it/santabbondio/wp/chiostro/"> chiostro</a></em>. Nel 1616 l’abate Marco Gallio vendette la chiesa, parte del monastero e alcuni terreni vicini alle monache agostiniane di San Tommaso di Civiglio e anche questa novità comportò nuovi interventi per adattare la chiesa alle necessità liturgiche di una comunità monastica femminile. Nel 1783 il monastero fu soppresso ma la chiesa, per la sua dedicazione al patrono della diocesi, non fu secolarizzata e divenne sussidiaria della parrocchia della Santissima Annunciata. Dopo un lungo periodo di abbandono, nel 1834 il complesso monastico fu acquistato dal vescovo Carlo Romanò per farvi trasferire il <em> <a href="http://progetti.diocesidicomo.it/santabbondio/wp/il-seminario/"> Seminario</a></em> teologico: gli edifici, ormai in grave stato di degrado, furono in parte demoliti e quindi ricostruiti su progetto dell’architetto neoclassico Giuseppe Tazzini; nel 1881 la sede dell’istituto fu ampliata lungo la via Regina.</span></p>
<p><span style="font-size: 12pt;">Dal 1863 <em> <a href="http://progetti.diocesidicomo.it/santabbondio/wp/i-restauri-di-serafino-balestra/"> Serafino Balestra</a></em>, insegnante presso il Seminario e studioso di archeologia e di epigrafia, promosse il restauro della basilica per restituirne la veste romanica; nel corso dei lavori furono rinvenute anche le fondazioni dell’edificio paleocristiano e quelle del portico esterno, che era stato demolito nel corso del Cinquecento. Nel 1928 Antonio Giussani realizzò un nuovo restauro della chiesa, rifacendo le coperture delle navate, delle absidi e del coro, intonacando nuovamente pareti e volte e ricostruendo l’altare maggiore e gli altari collocati nelle absidi minori; altri interventi furono promossi negli anni Settanta del XX secolo.</span></p>
<p><span style="font-size: 12pt;">Nel 1968 il trasferimento del Seminario vescovile a Muggiò provocò nuovamente l’abbandono e il rapido deterioramento di quella che era stata la sede del monastero. Acquistata nel 1974 dal Comune di Como, che in tempi recenti ne ha curato il restauro e la riqualificazione, attualmente essa è la sede della facoltà di Giurisprudenza dell’Università degli Studi dell’Insubria.</span><br />
<span style="font-size: 12pt;"> <a href="http://progetti.diocesidicomo.it/santabbondio/wp/bibliografia/"> Per saperne di più…</a></span></p>
<p>&nbsp;</td>
<td width="4"></td>
<td width="281"> <img loading="lazy" decoding="async" class="alignnone size-medium" src="http://progetti.diocesidicomo.it/santabbondio/immagini/storico02.jpg" width="500" height="375" /></td>
</tr>
<tr>
<td width="4"></td>
<td width="281">Le due torri© Centro studi “Nicolò Rusca”-  Ufficio inventariazione beni culturali</td>
</tr>
<tr>
<td width="4"></td>
<td width="281"> <img loading="lazy" decoding="async" class="alignnone size-medium" src="http://progetti.diocesidicomo.it/santabbondio/immagini/storico03.jpg" width="500" height="428" /></td>
</tr>
<tr>
<td width="4"></td>
<td width="281">Seminario vescovile di Sant’Abbondio© Archivio Nodo Libri Como</td>
</tr>
<tr>
<td width="4"></td>
<td width="281"> <img loading="lazy" decoding="async" class="alignnone size-medium" src="http://progetti.diocesidicomo.it/santabbondio/immagini/storico04.jpg" width="500" height="721" /></td>
</tr>
<tr>
<td width="4"></td>
<td width="281">Facciata della basilica prima dei restauri di Serafino Balestra (1860 ca.)© Biblioteca Comunale Como, riproduzione fotografica Archivio NodoLibri Como</td>
</tr>
</tbody>
</table>
<p>&nbsp;</p>
