{"id":1157,"date":"2018-06-05T16:05:37","date_gmt":"2018-06-05T14:05:37","guid":{"rendered":"http:\/\/www.emmedatasas.eu\/wp\/?page_id=1157"},"modified":"2018-06-19T12:41:24","modified_gmt":"2018-06-19T10:41:24","slug":"i-magi","status":"publish","type":"page","link":"https:\/\/progetti.diocesidicomo.it\/santabbondio\/i-magi\/","title":{"rendered":"i magi"},"content":{"rendered":"<table width=\"100%\">\n<tbody>\n<tr>\n<td style=\"text-align: center;\"><img loading=\"lazy\" decoding=\"async\" class=\"aligncenter size-full wp-image-233\" src=\"http:\/\/progetti.diocesidicomo.it\/santabbondio\/wp-content\/uploads\/2018\/04\/erode.jpg\" alt=\"\" width=\"700\" height=\"417\" srcset=\"https:\/\/progetti.diocesidicomo.it\/santabbondio\/wp-content\/uploads\/2018\/04\/erode.jpg 700w, https:\/\/progetti.diocesidicomo.it\/santabbondio\/wp-content\/uploads\/2018\/04\/erode-300x179.jpg 300w\" sizes=\"auto, (max-width: 700px) 100vw, 700px\" \/><\/td>\n<\/tr>\n<tr>\n<td><em>Hic sunt Magi coram Erode.<\/em><\/p>\n<p>Questi si inform\u00f2 del luogo in cui doveva nascere il Messia: \u201cA Betlemme dio Giudea, perch\u00e9 cos\u00ec \u00e8 scritto per mezzo del profeta: e tu Betlemme, terra di Giudea, non sei davvero il pi\u00f9 piccolo capoluogo di Guidea: da te uscir\u00e0 un capo che pascer\u00e0 il mio popolo Israele.<br \/>\n(Matteo 2, 4-6)<\/td>\n<\/tr>\n<\/tbody>\n<\/table>\n","protected":false},"excerpt":{"rendered":"<p>Hic sunt Magi coram Erode. Questi si inform\u00f2 del luogo in cui doveva nascere il Messia: \u201cA Betlemme dio Giudea, perch\u00e9 cos\u00ec \u00e8 scritto per mezzo del profeta: e tu Betlemme, terra di Giudea, non sei davvero il pi\u00f9 piccolo capoluogo di Guidea: da te uscir\u00e0 un capo che pascer\u00e0 il mio popolo Israele. (Matteo &hellip; <a href=\"https:\/\/progetti.diocesidicomo.it\/santabbondio\/i-magi\/\" class=\"more-link\">Continua la lettura di <span class=\"screen-reader-text\">i magi<\/span> <span class=\"meta-nav\">&rarr;<\/span><\/a><\/p>\n","protected":false},"author":1,"featured_media":0,"parent":0,"menu_order":0,"comment_status":"closed","ping_status":"closed","template":"","meta":{"footnotes":""},"class_list":["post-1157","page","type-page","status-publish","hentry"],"_links":{"self":[{"href":"https:\/\/progetti.diocesidicomo.it\/santabbondio\/wp-json\/wp\/v2\/pages\/1157","targetHints":{"allow":["GET"]}}],"collection":[{"href":"https:\/\/progetti.diocesidicomo.it\/santabbondio\/wp-json\/wp\/v2\/pages"}],"about":[{"href":"https:\/\/progetti.diocesidicomo.it\/santabbondio\/wp-json\/wp\/v2\/types\/page"}],"author":[{"embeddable":true,"href":"https:\/\/progetti.diocesidicomo.it\/santabbondio\/wp-json\/wp\/v2\/users\/1"}],"replies":[{"embeddable":true,"href":"https:\/\/progetti.diocesidicomo.it\/santabbondio\/wp-json\/wp\/v2\/comments?post=1157"}],"version-history":[{"count":1,"href":"https:\/\/progetti.diocesidicomo.it\/santabbondio\/wp-json\/wp\/v2\/pages\/1157\/revisions"}],"predecessor-version":[{"id":1159,"href":"https:\/\/progetti.diocesidicomo.it\/santabbondio\/wp-json\/wp\/v2\/pages\/1157\/revisions\/1159"}],"wp:attachment":[{"href":"https:\/\/progetti.diocesidicomo.it\/santabbondio\/wp-json\/wp\/v2\/media?parent=1157"}],"curies":[{"name":"wp","href":"https:\/\/api.w.org\/{rel}","templated":true}]}}

<table width="100%">
<tbody>
<tr>
<td style="text-align: center;"><img loading="lazy" decoding="async" class="aligncenter size-full wp-image-233" src="http://progetti.diocesidicomo.it/santabbondio/wp-content/uploads/2018/04/erode.jpg" alt="" width="700" height="417" srcset="https://progetti.diocesidicomo.it/santabbondio/wp-content/uploads/2018/04/erode.jpg 700w, https://progetti.diocesidicomo.it/santabbondio/wp-content/uploads/2018/04/erode-300x179.jpg 300w" sizes="auto, (max-width: 700px) 100vw, 700px" /></td>
</tr>
<tr>
<td><em>Hic sunt Magi coram Erode.</em></p>
<p>Questi si informò del luogo in cui doveva nascere il Messia: “A Betlemme dio Giudea, perché così è scritto per mezzo del profeta: e tu Betlemme, terra di Giudea, non sei davvero il più piccolo capoluogo di Guidea: da te uscirà un capo che pascerà il mio popolo Israele.<br />
(Matteo 2, 4-6)</td>
</tr>
</tbody>
</table>

<p>Hic sunt Magi coram Erode. Questi si informò del luogo in cui doveva nascere il Messia: “A Betlemme dio Giudea, perché così è scritto per mezzo del profeta: e tu Betlemme, terra di Giudea, non sei davvero il più piccolo capoluogo di Guidea: da te uscirà un capo che pascerà il mio popolo Israele. (Matteo &hellip; <a href="https://progetti.diocesidicomo.it/santabbondio/i-magi/" class="more-link">Continua la lettura di <span class="screen-reader-text">i magi</span> <span class="meta-nav">&rarr;</span></a></p>
