{"id":1154,"date":"2018-06-05T16:04:07","date_gmt":"2018-06-05T14:04:07","guid":{"rendered":"http:\/\/www.emmedatasas.eu\/wp\/?page_id=1154"},"modified":"2018-06-20T10:23:44","modified_gmt":"2018-06-20T08:23:44","slug":"annuncio-ai-pastori","status":"publish","type":"page","link":"https:\/\/progetti.diocesidicomo.it\/santabbondio\/annuncio-ai-pastori\/","title":{"rendered":"annuncio ai pastori"},"content":{"rendered":"<table width=\"100%\">\n<tbody>\n<tr>\n<td style=\"text-align: center;\"><img loading=\"lazy\" decoding=\"async\" class=\"aligncenter wp-image-250 size-full\" src=\"http:\/\/progetti.diocesidicomo.it\/santabbondio\/wp-content\/uploads\/2018\/04\/pastori.jpg\" alt=\"\" width=\"700\" height=\"439\" srcset=\"https:\/\/progetti.diocesidicomo.it\/santabbondio\/wp-content\/uploads\/2018\/04\/pastori.jpg 700w, https:\/\/progetti.diocesidicomo.it\/santabbondio\/wp-content\/uploads\/2018\/04\/pastori-300x188.jpg 300w\" sizes=\"auto, (max-width: 700px) 100vw, 700px\" \/><\/td>\n<\/tr>\n<tr>\n<td><em>Hic angeli nunciant pastoribus Cristum natum<\/em>.<\/p>\n<p>\u00abUn angelo del Signore si present\u00f2 ai pastori e la gloria del Signore li avvolse di luce. Essi furono presi da grande timore, ma l\u2019angelo disse loro: \u201cNon temete, ecco, vi annunzio una grande gioia, che sar\u00e0 di tutto il popolo: oggi vi \u00e8 nato nella citt\u00e0 di Davide un salvatore, che \u00e8 il Cristo Signore\u00bb.<\/p>\n<p>(Luca, 2, 9-11)<\/td>\n<\/tr>\n<\/tbody>\n<\/table>\n","protected":false},"excerpt":{"rendered":"<p>Hic angeli nunciant pastoribus Cristum natum. \u00abUn angelo del Signore si present\u00f2 ai pastori e la gloria del Signore li avvolse di luce. Essi furono presi da grande timore, ma l\u2019angelo disse loro: \u201cNon temete, ecco, vi annunzio una grande gioia, che sar\u00e0 di tutto il popolo: oggi vi \u00e8 nato nella citt\u00e0 di Davide &hellip; <a href=\"https:\/\/progetti.diocesidicomo.it\/santabbondio\/annuncio-ai-pastori\/\" class=\"more-link\">Continua la lettura di <span class=\"screen-reader-text\">annuncio ai pastori<\/span> <span class=\"meta-nav\">&rarr;<\/span><\/a><\/p>\n","protected":false},"author":1,"featured_media":0,"parent":0,"menu_order":0,"comment_status":"closed","ping_status":"closed","template":"","meta":{"footnotes":""},"class_list":["post-1154","page","type-page","status-publish","hentry"],"_links":{"self":[{"href":"https:\/\/progetti.diocesidicomo.it\/santabbondio\/wp-json\/wp\/v2\/pages\/1154","targetHints":{"allow":["GET"]}}],"collection":[{"href":"https:\/\/progetti.diocesidicomo.it\/santabbondio\/wp-json\/wp\/v2\/pages"}],"about":[{"href":"https:\/\/progetti.diocesidicomo.it\/santabbondio\/wp-json\/wp\/v2\/types\/page"}],"author":[{"embeddable":true,"href":"https:\/\/progetti.diocesidicomo.it\/santabbondio\/wp-json\/wp\/v2\/users\/1"}],"replies":[{"embeddable":true,"href":"https:\/\/progetti.diocesidicomo.it\/santabbondio\/wp-json\/wp\/v2\/comments?post=1154"}],"version-history":[{"count":4,"href":"https:\/\/progetti.diocesidicomo.it\/santabbondio\/wp-json\/wp\/v2\/pages\/1154\/revisions"}],"predecessor-version":[{"id":1305,"href":"https:\/\/progetti.diocesidicomo.it\/santabbondio\/wp-json\/wp\/v2\/pages\/1154\/revisions\/1305"}],"wp:attachment":[{"href":"https:\/\/progetti.diocesidicomo.it\/santabbondio\/wp-json\/wp\/v2\/media?parent=1154"}],"curies":[{"name":"wp","href":"https:\/\/api.w.org\/{rel}","templated":true}]}}

<table width="100%">
<tbody>
<tr>
<td style="text-align: center;"><img loading="lazy" decoding="async" class="aligncenter wp-image-250 size-full" src="http://progetti.diocesidicomo.it/santabbondio/wp-content/uploads/2018/04/pastori.jpg" alt="" width="700" height="439" srcset="https://progetti.diocesidicomo.it/santabbondio/wp-content/uploads/2018/04/pastori.jpg 700w, https://progetti.diocesidicomo.it/santabbondio/wp-content/uploads/2018/04/pastori-300x188.jpg 300w" sizes="auto, (max-width: 700px) 100vw, 700px" /></td>
</tr>
<tr>
<td><em>Hic angeli nunciant pastoribus Cristum natum</em>.</p>
<p>«Un angelo del Signore si presentò ai pastori e la gloria del Signore li avvolse di luce. Essi furono presi da grande timore, ma l’angelo disse loro: “Non temete, ecco, vi annunzio una grande gioia, che sarà di tutto il popolo: oggi vi è nato nella città di Davide un salvatore, che è il Cristo Signore».</p>
<p>(Luca, 2, 9-11)</td>
</tr>
</tbody>
</table>

<p>Hic angeli nunciant pastoribus Cristum natum. «Un angelo del Signore si presentò ai pastori e la gloria del Signore li avvolse di luce. Essi furono presi da grande timore, ma l’angelo disse loro: “Non temete, ecco, vi annunzio una grande gioia, che sarà di tutto il popolo: oggi vi è nato nella città di Davide &hellip; <a href="https://progetti.diocesidicomo.it/santabbondio/annuncio-ai-pastori/" class="more-link">Continua la lettura di <span class="screen-reader-text">annuncio ai pastori</span> <span class="meta-nav">&rarr;</span></a></p>
