{"id":1148,"date":"2018-06-05T16:02:28","date_gmt":"2018-06-05T14:02:28","guid":{"rendered":"http:\/\/www.emmedatasas.eu\/wp\/?page_id=1148"},"modified":"2018-06-19T14:43:34","modified_gmt":"2018-06-19T12:43:34","slug":"betlemme","status":"publish","type":"page","link":"https:\/\/progetti.diocesidicomo.it\/santabbondio\/betlemme\/","title":{"rendered":"betlemme"},"content":{"rendered":"<table width=\"100%\">\n<tbody>\n<tr>\n<td style=\"text-align: center;\"><img loading=\"lazy\" decoding=\"async\" class=\"aligncenter size-full wp-image-224\" src=\"http:\/\/progetti.diocesidicomo.it\/santabbondio\/wp-content\/uploads\/2018\/04\/betlemme.jpg\" alt=\"\" width=\"700\" height=\"566\" srcset=\"https:\/\/progetti.diocesidicomo.it\/santabbondio\/wp-content\/uploads\/2018\/04\/betlemme.jpg 700w, https:\/\/progetti.diocesidicomo.it\/santabbondio\/wp-content\/uploads\/2018\/04\/betlemme-300x243.jpg 300w\" sizes=\"auto, (max-width: 700px) 100vw, 700px\" \/><\/td>\n<\/tr>\n<tr>\n<td>\u00abGiuseppe che era della casa e della famiglia di Davide, dalla citt\u00e0 di Nazaret e dalla Galilea sal\u00ec in Giudea, alla citt\u00e0 di Davide, chiamata Betlemme\u00bb.<br \/>\n(Luca 2, 4)<\/td>\n<\/tr>\n<\/tbody>\n<\/table>\n","protected":false},"excerpt":{"rendered":"<p>\u00abGiuseppe che era della casa e della famiglia di Davide, dalla citt\u00e0 di Nazaret e dalla Galilea sal\u00ec in Giudea, alla citt\u00e0 di Davide, chiamata Betlemme\u00bb. (Luca 2, 4)<\/p>\n","protected":false},"author":1,"featured_media":0,"parent":0,"menu_order":0,"comment_status":"closed","ping_status":"closed","template":"","meta":{"footnotes":""},"class_list":["post-1148","page","type-page","status-publish","hentry"],"_links":{"self":[{"href":"https:\/\/progetti.diocesidicomo.it\/santabbondio\/wp-json\/wp\/v2\/pages\/1148","targetHints":{"allow":["GET"]}}],"collection":[{"href":"https:\/\/progetti.diocesidicomo.it\/santabbondio\/wp-json\/wp\/v2\/pages"}],"about":[{"href":"https:\/\/progetti.diocesidicomo.it\/santabbondio\/wp-json\/wp\/v2\/types\/page"}],"author":[{"embeddable":true,"href":"https:\/\/progetti.diocesidicomo.it\/santabbondio\/wp-json\/wp\/v2\/users\/1"}],"replies":[{"embeddable":true,"href":"https:\/\/progetti.diocesidicomo.it\/santabbondio\/wp-json\/wp\/v2\/comments?post=1148"}],"version-history":[{"count":2,"href":"https:\/\/progetti.diocesidicomo.it\/santabbondio\/wp-json\/wp\/v2\/pages\/1148\/revisions"}],"predecessor-version":[{"id":1289,"href":"https:\/\/progetti.diocesidicomo.it\/santabbondio\/wp-json\/wp\/v2\/pages\/1148\/revisions\/1289"}],"wp:attachment":[{"href":"https:\/\/progetti.diocesidicomo.it\/santabbondio\/wp-json\/wp\/v2\/media?parent=1148"}],"curies":[{"name":"wp","href":"https:\/\/api.w.org\/{rel}","templated":true}]}}

<table width="100%">
<tbody>
<tr>
<td style="text-align: center;"><img loading="lazy" decoding="async" class="aligncenter size-full wp-image-224" src="http://progetti.diocesidicomo.it/santabbondio/wp-content/uploads/2018/04/betlemme.jpg" alt="" width="700" height="566" srcset="https://progetti.diocesidicomo.it/santabbondio/wp-content/uploads/2018/04/betlemme.jpg 700w, https://progetti.diocesidicomo.it/santabbondio/wp-content/uploads/2018/04/betlemme-300x243.jpg 300w" sizes="auto, (max-width: 700px) 100vw, 700px" /></td>
</tr>
<tr>
<td>«Giuseppe che era della casa e della famiglia di Davide, dalla città di Nazaret e dalla Galilea salì in Giudea, alla città di Davide, chiamata Betlemme».<br />
(Luca 2, 4)</td>
</tr>
</tbody>
</table>

<p>«Giuseppe che era della casa e della famiglia di Davide, dalla città di Nazaret e dalla Galilea salì in Giudea, alla città di Davide, chiamata Betlemme». (Luca 2, 4)</p>
