{"id":100,"date":"2017-09-18T10:28:58","date_gmt":"2017-09-18T08:28:58","guid":{"rendered":"http:\/\/www.emmedatasas.eu\/wp\/?page_id=100"},"modified":"2018-08-03T14:16:48","modified_gmt":"2018-08-03T12:16:48","slug":"interno","status":"publish","type":"page","link":"https:\/\/progetti.diocesidicomo.it\/santabbondio\/interno\/","title":{"rendered":"interno"},"content":{"rendered":"<p>L\u2019interno della chiesa \u00e8 assai diverso da quello dell\u2019edificio sorto dall\u2019XI secolo sui resti della <em><a href=\"http:\/\/progetti.diocesidicomo.it\/santabbondio\/wp\/apostolorum\/\"> Basilica apostolorum<\/a><\/em>, per i profondi riassetti subiti dal complesso nel corso della sua storia \u2013 il rifacimento cinquecentesco in forme classiche, l\u2019adeguamento alle esigenze liturgiche della <i> <a href=\"http:\/\/progetti.diocesidicomo.it\/santabbondio\/wp\/il-monastero\/\">comunit\u00e0 agostiniana<\/a><\/i> insediatavi nel XVII secolo, l\u2019ottocentesco intervento di recupero delle forme romaniche di <i> <a href=\"http:\/\/progetti.diocesidicomo.it\/santabbondio\/wp\/i-restauri-di-serafino-balestra\/\">Serafino Balestra<\/a><\/i>.<br \/>\nAl\u00a0restauro del Balestra, in particolare, si deve la ricostruzione della tribuna che sovrasta l\u2019ingresso: nell\u2019impianto della chiesa romanica essa custodiva le reliquie dei santi Rubiano ed Adalberto, era utilizzata da abati, vescovi e personalit\u00e0 per le cerimonie solenni e continuava nel piano superiore dell\u2019atrio porticato antistante la basilica. La struttura \u00e8 coperta da una volta a crociera che presenta una decorazione a cielo stellato con un <em>Agnus Dei<\/em>; sulle pareti sono visibili invece affreschi raffiguranti le <em> Storie di San Rubiano<\/em> (sul lato sud) e le <em>Storie di Sant\u2019Adalberto<\/em> (sul lato nord), probabilmente anteriori a quelli del coro.<br \/>\nSulla controfacciata a destra entrando \u00e8 appesa una Assunta attribuita a Gian Battista Crespi, mentre sulla sinistra \u00e8 esposta una tela raffigurante Abbondio che resuscita il figlio del regolo: attribuita a Gian Battista Recchi, nel corso della <i> <a href=\"http:\/\/progetti.diocesidicomo.it\/santabbondio\/wp\/la-basilica-cinque-seicentesca\/\"> ristrutturazione seicentesca <\/a><\/i> fu collocata sul nuovo altare maggiore in legno costruito nella chiesa esterna.<\/p>\n<table width=\"81%\">\n<tbody>\n<tr>\n<td>\u00a0<img loading=\"lazy\" decoding=\"async\" class=\"size-medium aligncenter\" src=\"\/immagini\/interno01.jpg\" width=\"240\" height=\"311\" \/><\/td>\n<td>\u00a0<img loading=\"lazy\" decoding=\"async\" class=\"size-medium aligncenter\" src=\"\/immagini\/interno03.jpg\" width=\"244\" height=\"311\" \/><\/td>\n<\/tr>\n<tr>\n<td style=\"text-align: center;\">Navata centrale<br \/>\n\u00a9 Centro studi \u201cNicol\u00f2 Rusca\u201d<br \/>\nUfficio inventariazione beni culturali<\/td>\n<td style=\"text-align: center;\">Ingresso e tribuna<br \/>\n\u00a9 Centro studi \u201cNicol\u00f2 Rusca\u201d<br \/>\nUfficio inventariazione beni culturali<\/td>\n<\/tr>\n<tr>\n<td colspan=\"2\">\u00a0<img loading=\"lazy\" decoding=\"async\" class=\"size-medium aligncenter\" src=\"\/immagini\/interno02.jpg\" width=\"325\" height=\"246\" \/><\/td>\n<\/tr>\n<tr>\n<td style=\"text-align: center;\" colspan=\"2\">Capitello<br \/>\n\u00a9 Centro studi \u201cNicol\u00f2 Rusca\u201d<br \/>\nUfficio inventariazione beni culturali<\/td>\n<\/tr>\n<\/tbody>\n<\/table>\n<p>Varcato l\u2019ingresso, la chiesa appare suddivisa in cinque navate. Quella centrale \u00e8 scandita da cinque archi a tutto sesto sostenuti da massicci pilastri cilindrici in pietra di Moltrasio con basamento e capitelli cubici di sarizzo; in origine, o nei secoli XII e XIII,\u00a0essi dovevano essere intonacati e marmorizzati, ma furono uniformati dal Baserga al nudo delle colonne delle navate laterali. Sul pavimento della navata si susseguono le lastre sepolcrali di alcuni vescovi di Como (secc. XIX-XX) e del cardinale Angelo Maria Durini, ultimo commendatario dell\u2019abbazia prima della sua soppressione. Sulle pareti della navata sono visibili tracce della decorazione pittorica medievale: risale alla chiesa romanica il fregio sotto le travi del tetto, costituito da palmette su sfondo scuro, accompagnato da fasce rosse, gialle, bianche e nere; sono del Trecento i motivi in blu\/giallo e verde\/rosso bruno scuro che disegnano le finte ghiere degli archi che scandiscono la navata.<br \/>\nLe navate laterali sono delimitate da colonne monolitiche, alcune in sarizzo, altre in marmo, sormontate da capitelli di forma cubica o scolpiti con motivi ornamentali.<br \/>\nLe navate laterali sono chiuse da absidi nelle quali sono collocati quattro altari rifatti negli anni Trenta del Novecento nel corso dei restauri curati da Antonio Giussani, che rinnov\u00f2 anche la pavimentazione delle absidiole: quello esterno della navata destra \u00e8 ornato con una statua della Madonna col Bambino, eseguita verso la fine del Trecento. Al centro del presbiterio l\u2019altare maggiore custodisce invece le reliquie di Sant\u2019Abbondio e dei suoi successori Console ed Esuperanzio, rintracciate nel corso dei lavori voluti nel Cinquecento da Tolomeo Gallio e nel 1932 composte nell\u2019attuale un sarcofago di bronzo per volont\u00e0 del vescovo Alessandro Macchi.<br \/>\nAl di l\u00e0 delle navate si apre il profondissimo coro, in origine destinato ad ospitare le liturgie della comunit\u00e0 monastica. Questa parte della basilica \u00e8 ripartita in due campate delimitate da pilastri polistili, dai quali si sviluppano le costolature della volta a crociera. La seconda campata \u00e8 illuminata da finestre in parte non originali: quelle del primo ordine furono ampliate nel corso dei lavori cinquecenteschi mentre le strombature furono rifatte durante i restauri del Balestra. L\u2019abside, innestata sul coro da un arco trionfale, \u00e8 divisa in cinque bande da quattro semicolonne; le pareti absidali sono decorate con <em><a href=\"http:\/\/progetti.diocesidicomo.it\/santabbondio\/wp\/scene-della-vita-di-cristo\/\"> Scene della vita di Cristo<\/a><\/em>, mentre nel catino sono raffigurati <em>Cristo benedicente<\/em> tra la Vergine e San Paolo, alla sua destra, e San Giovanni Battista e San Paolo alla sua sinistra.<\/p>\n<p><a href=\"http:\/\/progetti.diocesidicomo.it\/santabbondio\/wp\/bibliografia\/\"> Per saperne di pi\u00f9\u2026<\/a><\/p>\n","protected":false},"excerpt":{"rendered":"<p>L\u2019interno della chiesa \u00e8 assai diverso da quello dell\u2019edificio sorto dall\u2019XI secolo sui resti della Basilica apostolorum, per i profondi riassetti subiti dal complesso nel corso della sua storia \u2013 il rifacimento cinquecentesco in forme classiche, l\u2019adeguamento alle esigenze liturgiche della comunit\u00e0 agostiniana insediatavi nel XVII secolo, l\u2019ottocentesco intervento di recupero delle forme romaniche di &hellip; <a href=\"https:\/\/progetti.diocesidicomo.it\/santabbondio\/interno\/\" class=\"more-link\">Continua la lettura di <span class=\"screen-reader-text\">interno<\/span> <span class=\"meta-nav\">&rarr;<\/span><\/a><\/p>\n","protected":false},"author":1,"featured_media":0,"parent":0,"menu_order":0,"comment_status":"closed","ping_status":"closed","template":"","meta":{"footnotes":""},"class_list":["post-100","page","type-page","status-publish","hentry"],"_links":{"self":[{"href":"https:\/\/progetti.diocesidicomo.it\/santabbondio\/wp-json\/wp\/v2\/pages\/100","targetHints":{"allow":["GET"]}}],"collection":[{"href":"https:\/\/progetti.diocesidicomo.it\/santabbondio\/wp-json\/wp\/v2\/pages"}],"about":[{"href":"https:\/\/progetti.diocesidicomo.it\/santabbondio\/wp-json\/wp\/v2\/types\/page"}],"author":[{"embeddable":true,"href":"https:\/\/progetti.diocesidicomo.it\/santabbondio\/wp-json\/wp\/v2\/users\/1"}],"replies":[{"embeddable":true,"href":"https:\/\/progetti.diocesidicomo.it\/santabbondio\/wp-json\/wp\/v2\/comments?post=100"}],"version-history":[{"count":13,"href":"https:\/\/progetti.diocesidicomo.it\/santabbondio\/wp-json\/wp\/v2\/pages\/100\/revisions"}],"predecessor-version":[{"id":1396,"href":"https:\/\/progetti.diocesidicomo.it\/santabbondio\/wp-json\/wp\/v2\/pages\/100\/revisions\/1396"}],"wp:attachment":[{"href":"https:\/\/progetti.diocesidicomo.it\/santabbondio\/wp-json\/wp\/v2\/media?parent=100"}],"curies":[{"name":"wp","href":"https:\/\/api.w.org\/{rel}","templated":true}]}}

<p>L’interno della chiesa è assai diverso da quello dell’edificio sorto dall’XI secolo sui resti della <em><a href="http://progetti.diocesidicomo.it/santabbondio/wp/apostolorum/"> Basilica apostolorum</a></em>, per i profondi riassetti subiti dal complesso nel corso della sua storia – il rifacimento cinquecentesco in forme classiche, l’adeguamento alle esigenze liturgiche della <i> <a href="http://progetti.diocesidicomo.it/santabbondio/wp/il-monastero/">comunità agostiniana</a></i> insediatavi nel XVII secolo, l’ottocentesco intervento di recupero delle forme romaniche di <i> <a href="http://progetti.diocesidicomo.it/santabbondio/wp/i-restauri-di-serafino-balestra/">Serafino Balestra</a></i>.<br />
Al restauro del Balestra, in particolare, si deve la ricostruzione della tribuna che sovrasta l’ingresso: nell’impianto della chiesa romanica essa custodiva le reliquie dei santi Rubiano ed Adalberto, era utilizzata da abati, vescovi e personalità per le cerimonie solenni e continuava nel piano superiore dell’atrio porticato antistante la basilica. La struttura è coperta da una volta a crociera che presenta una decorazione a cielo stellato con un <em>Agnus Dei</em>; sulle pareti sono visibili invece affreschi raffiguranti le <em> Storie di San Rubiano</em> (sul lato sud) e le <em>Storie di Sant’Adalberto</em> (sul lato nord), probabilmente anteriori a quelli del coro.<br />
Sulla controfacciata a destra entrando è appesa una Assunta attribuita a Gian Battista Crespi, mentre sulla sinistra è esposta una tela raffigurante Abbondio che resuscita il figlio del regolo: attribuita a Gian Battista Recchi, nel corso della <i> <a href="http://progetti.diocesidicomo.it/santabbondio/wp/la-basilica-cinque-seicentesca/"> ristrutturazione seicentesca </a></i> fu collocata sul nuovo altare maggiore in legno costruito nella chiesa esterna.</p>
<table width="81%">
<tbody>
<tr>
<td> <img loading="lazy" decoding="async" class="size-medium aligncenter" src="/immagini/interno01.jpg" width="240" height="311" /></td>
<td> <img loading="lazy" decoding="async" class="size-medium aligncenter" src="/immagini/interno03.jpg" width="244" height="311" /></td>
</tr>
<tr>
<td style="text-align: center;">Navata centrale<br />
© Centro studi “Nicolò Rusca”<br />
Ufficio inventariazione beni culturali</td>
<td style="text-align: center;">Ingresso e tribuna<br />
© Centro studi “Nicolò Rusca”<br />
Ufficio inventariazione beni culturali</td>
</tr>
<tr>
<td colspan="2"> <img loading="lazy" decoding="async" class="size-medium aligncenter" src="/immagini/interno02.jpg" width="325" height="246" /></td>
</tr>
<tr>
<td style="text-align: center;" colspan="2">Capitello<br />
© Centro studi “Nicolò Rusca”<br />
Ufficio inventariazione beni culturali</td>
</tr>
</tbody>
</table>
<p>Varcato l’ingresso, la chiesa appare suddivisa in cinque navate. Quella centrale è scandita da cinque archi a tutto sesto sostenuti da massicci pilastri cilindrici in pietra di Moltrasio con basamento e capitelli cubici di sarizzo; in origine, o nei secoli XII e XIII, essi dovevano essere intonacati e marmorizzati, ma furono uniformati dal Baserga al nudo delle colonne delle navate laterali. Sul pavimento della navata si susseguono le lastre sepolcrali di alcuni vescovi di Como (secc. XIX-XX) e del cardinale Angelo Maria Durini, ultimo commendatario dell’abbazia prima della sua soppressione. Sulle pareti della navata sono visibili tracce della decorazione pittorica medievale: risale alla chiesa romanica il fregio sotto le travi del tetto, costituito da palmette su sfondo scuro, accompagnato da fasce rosse, gialle, bianche e nere; sono del Trecento i motivi in blu/giallo e verde/rosso bruno scuro che disegnano le finte ghiere degli archi che scandiscono la navata.<br />
Le navate laterali sono delimitate da colonne monolitiche, alcune in sarizzo, altre in marmo, sormontate da capitelli di forma cubica o scolpiti con motivi ornamentali.<br />
Le navate laterali sono chiuse da absidi nelle quali sono collocati quattro altari rifatti negli anni Trenta del Novecento nel corso dei restauri curati da Antonio Giussani, che rinnovò anche la pavimentazione delle absidiole: quello esterno della navata destra è ornato con una statua della Madonna col Bambino, eseguita verso la fine del Trecento. Al centro del presbiterio l’altare maggiore custodisce invece le reliquie di Sant’Abbondio e dei suoi successori Console ed Esuperanzio, rintracciate nel corso dei lavori voluti nel Cinquecento da Tolomeo Gallio e nel 1932 composte nell’attuale un sarcofago di bronzo per volontà del vescovo Alessandro Macchi.<br />
Al di là delle navate si apre il profondissimo coro, in origine destinato ad ospitare le liturgie della comunità monastica. Questa parte della basilica è ripartita in due campate delimitate da pilastri polistili, dai quali si sviluppano le costolature della volta a crociera. La seconda campata è illuminata da finestre in parte non originali: quelle del primo ordine furono ampliate nel corso dei lavori cinquecenteschi mentre le strombature furono rifatte durante i restauri del Balestra. L’abside, innestata sul coro da un arco trionfale, è divisa in cinque bande da quattro semicolonne; le pareti absidali sono decorate con <em><a href="http://progetti.diocesidicomo.it/santabbondio/wp/scene-della-vita-di-cristo/"> Scene della vita di Cristo</a></em>, mentre nel catino sono raffigurati <em>Cristo benedicente</em> tra la Vergine e San Paolo, alla sua destra, e San Giovanni Battista e San Paolo alla sua sinistra.</p>
<p><a href="http://progetti.diocesidicomo.it/santabbondio/wp/bibliografia/"> Per saperne di più…</a></p>

<p>L’interno della chiesa è assai diverso da quello dell’edificio sorto dall’XI secolo sui resti della Basilica apostolorum, per i profondi riassetti subiti dal complesso nel corso della sua storia – il rifacimento cinquecentesco in forme classiche, l’adeguamento alle esigenze liturgiche della comunità agostiniana insediatavi nel XVII secolo, l’ottocentesco intervento di recupero delle forme romaniche di &hellip; <a href="https://progetti.diocesidicomo.it/santabbondio/interno/" class="more-link">Continua la lettura di <span class="screen-reader-text">interno</span> <span class="meta-nav">&rarr;</span></a></p>
